).
18
Let y(n) = 97*n + 1672. Calculate y(-25).
-753
Let m(d) = -d**3 + 18*d**2 + 82*d - 112. Calculate m(19).
1085
Let s(u) = 24*u**3 - 12*u**2 - 55*u + 140. Calculate s(2).
174
Let o(r) = -3578*r - 14224. Determine o(-4).
88
Let n(b) = 4586*b + 68513. Calculate n(-15).
-277
Let h(q) = 2*q**3 - 598*q**2 - 7473*q + 2791. Calculate h(311).
-8
Let g(i) = 330*i + 39148. What is g(-118)?
208
Let u(h) = 35*h**2 + 569*h + 173. What is u(-16)?
29
Let b(o) = 5*o**3 + 2670*o**2 - 2660*o - 11. Calculate b(1).
4
Let h(n) = 6*n**3 + 803*n**2 - 139*n - 654. Give h(-134).
16
Let o(h) = -h**2 + 131*h + 14400. Calculate o(-72).
-216
Let r(t) = 8*t**3 - 217*t**2 + 37*t + 82. Determine r(27).
352
Let t(c) = -c**2 + 195016*c + 2145291. Determine t(-11).
-6
Let w(a) = -a**3 - 404*a**2 + 2471*a + 18. Determine w(6).
84
Let w(r) = -3*r**2 - 173*r - 1897. Calculate w(-12).
-253
Let l(r) = 145*r**2 + 175493*r + 52030. Determine l(-1210).
0
Let a(g) = 21498*g - 129088. Determine a(6).
-100
Let m(r) = -r**3 + 5247*r**2 - 2*r - 10. Give m(0).
-10
Let l(f) = -3*f**3 - 205*f**2 - 742*f - 76428. Calculate l(-70).
12
Let q(t) = -14*t**3 + 487*t**2 + 104*t - 206. Determine q(35).
-241
Let q(c) = 1042*c + 24990. Calculate q(-24).
-18
Let k(l) = 180*l**2 + 605*l + 489. Calculate k(-2).
-1
Let w(a) = 5*a**2 - 250*a + 486. Give w(48).
6
Let q(z) = 2*z**3 + 80*z**2 + 108*z + 353. What is q(-38)?
2025
Let t(a) = -11*a**2 - 2645*a - 23284. Give t(-9).
-370
Let a(r) = -802*r + 1331. Calculate a(2).
-273
Let u(g) = 6*g**3 - 1149*g**2 - 575*g - 218. Calculate u(192).
-26
Let t(u) = -174*u**2 - 1843*u + 853. What is t(-11)?
72
Let v(d) = d**3 - 131*d**2 - 1789*d - 35073. What is v(145)?
-128
Let s(d) = -2*d**3 + 149*d**2 + 14*d + 16. What is s(0)?
16
Let d(k) = 142340*k - 427010. Give d(3).
10
Let o(h) = -h**2 + 209*h - 11752. Calculate o(82).
-1338
Let l(r) = 2*r**2 + 1041*r + 39317. Determine l(-41).
-2
Let o(f) = -3*f**3 - 774*f**2 + 5337*f + 1376944. Calculate o(-258).
-2
Let f(v) = -477*v - 1692. Give f(-3).
-261
Let d(p) = -7*p**2 + 98988*p + 197982. Calculate d(-2).
-22
Let r(f) = -5*f**3 + 81*f**2 - 28*f - 193. Give r(16).
-385
Let j(f) = -9*f**2 + 163*f - 820. Give j(10).
-90
Let b(a) = -3*a**3 + 771*a**2 - 1587*a + 14546. What is b(255)?
11
Let o(b) = -b**2 + 54*b + 442. What is o(33)?
1135
Let s(x) = 3*x**3 - 60*x**2 + 4*x - 11. Calculate s(7).
-1894
Let i(a) = a**3 + 33*a**2 + 515*a + 4720. Give i(-19).
-11
Let d(b) = 169*b**3 + 1577*b + 1578. Calculate d(-1).
-168
Let g(c) = 45*c**2 - 65*c - 298. Determine g(-9).
3932
Let g(y) = 34647*y - 519719. Determine g(15).
-14
Let j(o) = o**3 - 38*o**2 + 425*o - 5541. Determine j(30).
9
Let w(k) = 7*k**3 + 77*k**2 + 35*k - 62. Calculate w(-10).
288
Let t(i) = 2320*i**2 - 457044*i + 778. Give t(197).
-10
Let w(r) = -2*r**3 - 49*r**2 - 286*r - 3150. What is w(-22)?
722
Let z(a) = -2*a**2 - 6595*a + 280539. Calculate z(42).
21
Let n(u) = 2*u**3 + 501*u**2 + 11078*u + 862. Determine n(-226).
-42
Let i(v) = v**3 + 22*v**2 - 716*v - 1932. Give i(-39).
135
Let l(k) = -k**2 - 35*k + 5538. Calculate l(59).
-8
Let c(w) = 7*w**3 + 24*w**2 - 122*w - 1021. What is c(-9)?
-3082
Let b(h) = h**2 + 11632*h - 830944. Calculate b(71).
-31
Let h(t) = t**2 + 270*t + 14649. What is h(-195)?
24
Let t(x) = x**3 + 16*x**2 + 1282*x + 12263. Calculate t(-10).
43
Let n(h) = 412*h + 101288. Give n(-245).
348
Let r(n) = 165*n**3 - 18*n**2 - 11*n - 1. What is r(-1)?
-173
Let f(m) = -4*m**3 + 870*m**2 + 2198*m + 443. Calculate f(220).
3
Let s(j) = -521*j - 55211. What is s(-106)?
15
Let q(j) = -152*j**2 + 6406*j + 5602. What is q(43)?
12
Let p(l) = 3213*l - 54654. Give p(17).
-33
Let x(c) = 2524*c - 32568. Give x(13).
244
Let v(t) = -246*t**2 + 51*t + 45. Determine v(-1).
-252
Let p(v) = 188969*v + 7180841. Calculate p(-38).
19
Let m(i) = 10204*i**2 + 20609*i + 398. What is m(-2)?
-4
Let c(d) = -46*d**2 + 138*d - 36. What is c(3)?
-36
Let l(g) = 4*g**2 + 191*g + 1400. Give l(-44).
740
Let g(i) = -85*i**2 + 1417*i - 5669. Give g(10).
1
Let f(d) = 154*d - 2284. What is f(14)?
-128
Let c(b) = -2*b**3 - 79*b**2 - 481*b + 100. Calculate c(-32).
132
Let d(j) = -55824*j + 167540. Determine d(3).
68
Let c(b) = -1161*b + 13878. Calculate c(12).
-54
Let w(g) = 101*g**2 + 33*g - 1482. Give w(-4).
2
Let h(z) = -1139*z - 307610. What is h(-270)?
-80
Let f(d) = -86*d**2 + 1043*d - 35. Determine f(12).
97
Let o(w) = -2*w**3 + 14*w**2 + 10490*w - 167. Calculate o(76).
-15
Let r(j) = j**2 - 466*j - 63365. Determine r(-110).
-5
Let r(k) = -837*k**2 + 16854*k - 2243. Calculate r(20).
37
Let a(r) = 432*r - 7087. Give a(15).
-607
Let v(n) = -46*n**3 + 89*n**2 + 441*n - 869. Give v(2).
1
Let j(g) = -2*g**3 + 16*g**2 + 2023*g + 24. What is j(36)?
276
Let c(r) = -r**3 + 309*r**2 - 15316*r + 7. Determine c(62).
-117
Let s(v) = -1128*v + 1006. Calculate s(1).
-122
Let p(o) = 6173*o + 61729. What is p(-10)?
-1
Let o(l) = 382*l**3 + l**2 + 349*l + 348. Give o(-1).
-382
Let q(c) = 2860*c + 108675. What is q(-38)?
-5
Let p(g) = -1960*g - 380245. Give p(-194).
-5
Let f(z) = z**3 + 42*z**2 + 40*z - 1565. Give f(-40).
35
Let p(g) = -3*g**2 - 1903*g - 11442. Calculate p(-6).
-132
Let y(b) = -3*b**3 + 167*b**2 - 408*b - 20. What is y(53)?
828
Let s(w) = -w**2 - 519*w - 62794. Give s(-192).
-10
Let k(c) = -2474*c + 16697. Give k(6).
1853
Let j(z) = -21*z**3 + 1629*z**2 + 688*z + 1089. Determine j(78).
-3
Let z(a) = 2*a**2 + 109*a + 1696. What is z(-28)?
212
Let l(s) = -45792*s + 274776. What is l(6)?
24
Let q(j) = 2*j**3 - 4*j**2 + 9*j - 79. Calculate q(5).
116
Let u(l) = -506*l + 106236. Calculate u(210).
-24
Let y(b) = b**3 + 3*b**2 + 957*b - 78. Give y(0).
-78
Let w(p) = p**3 - 12*p**2 - 534. Give w(0).
-534
Let c(k) = 3557*k - 52946. Determine c(15).
409
Let u(q) = -2*q**3 - 221*q**2 + 5257*q + 608665. Give u(-109).
9
Let h(j) = 266*j**3 - 10912*j**2 + 378*j - 5431. Determine h(41).
-19
Let j(n) = 39*n**3 - 15*n**2 + 52*n - 54. What is j(3)?
1020
Let u(i) = 4*i**3 + 42*i**2 + 6*i + 32. What is u(-6)?
644
Let v(s) = -s**2 - 434*s - 3816. Determine v(-425).
9
Let t(q) = -73*q**2 + 285*q - 265. Give t(3).
-67
Let v(p) = p**2 - 371*p + 32050. Give v(232).
-198
Let m(z) = -6*z**2 + 543*z + 3141. What is m(98)?
-1269
Let n(w) = w**3 - 31*w**2 + 259*w - 581. Give n(11).
-152
Let j(o) = -557566*o - 21187509. What is j(-38)?
-1
Let m(d) = d**2 - 2979*d + 1771715. Calculate m(821).
-3
Let j(q) = q**3 + 246*q**2 + 14605*q + 204. Determine j(-100).
-296
Let c(i) = i**3 + 22*i**2 - 45*i - 17. Give c(-22).
973
Let w(d) = d**2 - 32480*d + 714074. Determine w(22).
-2
Let n(d) = -15*d**3 + 24*d**2 + 66*d + 36. Calculate n(-2).
120
Let q(g) = -2339*g - 528624. Give q(-226).
-10
Let m(b) = -122*b**2 + 792*b + 435. Give m(7).
1
Let s(k) = -k**3 + 172*k**2 + 326*k + 3716. Calculate s(174).
-112
Let o(v) = -329*v - 15302. Calculate o(-44).
-826
Let m(l) = -l**2 + 7733*l + 295295. Determine m(-38).
-3
Let k(b) = -2367*b**3 + 5*b**2 - 60*b + 54. What is k(1)?
-2368
Let f(z) = -z**3 - 10*z**2 + z + 185. Determine f(-5).
55
Let t(b) = -6*b**2 - 34*b - 21. Give t(0).
-21
Let d(n) = n**2 + 90*n - 31596. Give d(-223).
-1937
Let b(o) = o**3 + 202*o**2 - 2791*o + 862. Calculate b(-215).
2
Let i(p) = -8832*p + 627023. Give i(71).
-49
Let u(c) = -c**3 + 17*c**2 - 111*c + 54. What is u(13)?
-713
Let z(x) = 161*x**3 + 4831*x**2 + 24*x - 99. Determine z(-30).
81
Let x(v) = -v**2 + 695*v - 75718. Calculate x(135).
-118
Let o(n) = -2*n**2 + 204*n + 9606. What is o(-35)?
16
Let k(b) = 2*b**3 + 20*b**2 + 88*b + 122. Calculate k(-5).
-68
Let k(l) = 5*l**3 - 42*l**2 - 31*l + 29. Give k(9).
-7
Let c(z) = 20*z**2 + 8629*z - 34835. Calculate c(4).
1
Let t(i) = 11986*i - 23636. Calculate t(2).
336
Let s(z) = -348*z**2 + 33755*z + 275. What is s(97)?
178
Let m(y) = -320*y**2 - 1593*y + 3. Calculate m(-5).
-32
Let c(l) = 988*l - 21713. Calculate c(22).
23
Let q(p) = 316355*p - 1898134. Calculate q(6).
-4
Let u(y) = y**3 + 393*y**2 + 279*y - 44351. Calculate u(-392).
-55
Let x(w) = -3223*w + 22607. What is x(7)?
46
Let v(x) = -2*x**3 - 81*x**2 + 13*x - 387. Give v(-41).
761
Let p(m) = -m**3 + 4146*m**2 - 4*m + 114. Calculate p(0).
114
Let c(g) = -3*g**3 + 207*g**2 - 195*g - 195. What is c(68)?
417
Let m(i) = -1177*i - 6517. Give m(-8).
28